*q**2 - 1/6*q**3 + 0*q. Let p(o) be the first derivative of n(o). Calculate p(-6).
5
Let k(t) = -t**2 - t + 75. Let j(a) = 4*a**2 - 32*a - 190. Let h(v) = -j(v) - 3*k(v). Determine h(34).
-1
Let g = 3 - 0. Let z = 7 - g. Let v(c) = 20*c - 45. Let r(q) = -14*q + 32. Let t(p) = -3*r(p) - 2*v(p). Determine t(z).
2
Let m = -5 + 4. Let y be (m + 1 - -2) + 8. Suppose -y = -6*w + 38. Let v(s) = s**3 - 9*s**2 + 9*s - 11. What is v(w)?
-3
Suppose -101*s + 334 = 1243. Let f(u) = u**3 + 8*u**2 - 12*u - 9. Give f(s).
18
Let i(s) = 409*s**2 - 406*s**2 + 0*s - 18*s + 2 - 16. Calculate i(7).
7
Let v(h) = -4. Let z(k) = k - 27. Let d(n) = -6*v(n) + z(n). Let q be (416/6)/4*(0 + 3). Let l = 58 - q. What is d(l)?
3
Let w(f) be the second derivative of -f**4/12 - f**3 - 3*f**2 + 2988*f. Suppose -2*j = -5*j + 36. Suppose 2*d = -4*a - j, d + 5*a + 13 = -d. What is w(d)?
2
Let g(r) be the second derivative of -r**5/10 + 17*r**4/12 - 7*r**3/3 + 14*r**2 - 3186*r. Calculate g(8).
-20
Suppose 89*m + 72*m + 20*m = 8*m. Let q(d) be the third derivative of 0*d + m + 1/3*d**3 + 7/24*d**4 - 18*d**2 + 1/60*d**5. Determine q(-7).
2
Let x(b) be the first derivative of -4*b**3/3 - 6*b + 60. Let v(i) = 11*i**2 + 16. Let c(k) = 3*v(k) + 8*x(k). What is c(2)?
4
Let j(i) = -137*i + 263*i - 102*i - 3 - 4*i**2. Determine j(7).
-31
Let r(o) = -4*o**2 + 2*o. Let h(f) = -f + 40. Let k be h(24). Suppose 132*v + k = 140*v. Give r(v).
-12
Let b(w) = 12*w**3 + 3*w**2 + w - 1. Let a(s) = -43*s**2 + 353*s - 74. Let n be a(8). Determine b(n).
-87
Let s = 146 - 135. Let u(o) = -s*o**2 + 86*o - 13 - 87*o + 10*o**2. What is u(0)?
-13
Let k(g) = 4*g**2 + 22*g + 120. Let h(q) = -10*q**2 - 64*q - 364. Let s(f) = -3*h(f) - 8*k(f). What is s(13)?
2
Let p = 3403 - 3407. Let w(y) = -y**3 - 8*y**2 - 8*y. Let b(r) = r**3 + 9*r**2 + 9*r + 1. Let s(j) = -3*b(j) - 4*w(j). Give s(p).
-7
Let l(w) = -6*w**3 + 9*w**2 - 36*w - 12. Let r(d) = -7*d**3 + 9*d**2 - 41*d - 13. Let f(n) = 6*l(n) - 5*r(n). Determine f(8).
-31
Let j(u) be the first derivative of -u**2 + 46*u - 2346. What is j(17)?
12
Let a(q) = 2*q**2 + 6*q + 7. Let h be (-4)/(52/48 - 1/(-4)). Give a(h).
7
Let o(r) = 2*r**3 + 11*r**2 + 9*r - 11. Let b be o(-4). Suppose -4*t + 2*t = 0. Let d(c) = 3 + 2*c + b + 4 + t. Give d(-6).
-4
Let p(h) = h**3 - h**2 + 1. Let b(f) = -f**2. Let t(y) = b(y) - p(y). Let x be (-1 - 1)*(-234)/36 - 14. What is t(x)?
0
Suppose 0 = 5*q + 5*n - 65, 0 = 3*q - 0*q - 5*n + 1. Let m(f) = 9*f**2 + 3 + 23*f - q*f - 17*f. Calculate m(2).
35
Let f(m) = -35*m - 7. Let z(y) be the third derivative of -19*y**4/6 - 5*y**3/2 - 41*y**2 - 2*y. Let i(o) = 13*f(o) - 6*z(o). Give i(7).
6
Let n(j) = -j**2 + j + 3. Suppose -g - 11 = 5*a, -a + 3 = -g - 2. Let d be (-1 - -44) + (g - -8). Let u = d - 45. Calculate n(u).
3
Suppose -3*z = 3*h - 7 + 1, 0 = 5*h + 25. Let l(f) = -f**3 + 6 - z + 0 + 7*f - 4*f**2 - 1. Let j = 12 - 17. Determine l(j).
-12
Suppose 0 = t + j + 1 - 3, 8 = 5*t + 3*j. Suppose -8*k - 3 = -4*d - 3*k, -t = 2*d - 5*k. Let x(v) = d*v - 5*v**2 + 3 - 2 - v. Determine x(-1).
-5
Let f = 6429 + -6435. Let i(j) = 11*j + 9. Let c(a) = -10*a - 9. Let t(p) = 3*c(p) + 2*i(p). What is t(f)?
39
Let s(t) be the third derivative of -t**5/60 - t**4/4 - t**3 - t**2 + 2439*t. Let k be (-3)/(-1) - (-2 - 3). Suppose -4 = 3*r + k. Give s(r).
2
Let f(j) = -2*j**3 - j**2 + 8*j + 12. Let v = -4242 - -4240. What is f(v)?
8
Let i(o) = 11*o - 10. Suppose 4*f + 36 = -4*x, -8*f - 20 = -3*x - 3. What is i(x)?
-65
Let g(m) = m**3 - 30*m**2 + 29*m - 1. Let a be g(29). Let b(z) = 32*z + 2. Determine b(a).
-30
Let u(c) be the second derivative of -3*c**3/2 - 9*c**2 + 32*c. What is u(-10)?
72
Suppose 2*y + 4 = 3*f - 3*y, 0 = -2*f - y + 7. Suppose -26 = f*n - 11. Let o(h) = h**3 + 7*h**2 + 5*h + 6. Give o(n).
31
Suppose 0 = 2*i + 2*f, 5*i - 2*f + 6*f = 0. Let w(j) = i*j - 590 + 578 + 3*j - 4*j. Calculate w(-9).
-3
Let y = 75 - 73. Let h(a) = -a**3 + 3*a**2 - 5*a + 4. Let j be h(y). Let o(b) = b**3 - 2*b - 2. Calculate o(j).
-6
Let x(m) = m**2 + 9*m - 39. Suppose -578*g - 2431 = -69*g + 3677. What is x(g)?
-3
Suppose -10 = y - 2*v - 14, 4*v = -3*y - 18. Let m(q) = 8*q + 24. Let w(c) = -6*c - 22. Let o(n) = y*m(n) - 3*w(n). Determine o(-8).
2
Let m(d) = 147*d - 76*d - 66*d - 1. Let b be ((-30)/(-12))/((-1)/(-2)). What is m(b)?
24
Let j(s) be the third derivative of -s**5/12 + s**4/3 + s**3/3 + 3197*s**2. Give j(5).
-83
Let v(l) = -79*l**2 - 5*l + 11. Let h(y) = 30*y**2 + 3*y - 4. Let n(p) = -5*h(p) - 2*v(p). What is n(-1)?
11
Let f be 11 + -9 + (15 - -3). Suppose -3*q - f = q. Let b(i) = i. Give b(q).
-5
Suppose -167*o + 169*o = 4. Let h(x) = 0 + 2*x**2 + x - 1 + o*x - 9*x + 0*x. Determine h(6).
35
Suppose 10*u - 30679 = -7859. Let r(b) = -13*b**2 - 3*b**3 + 4*b**3 + 2286 - u + 12*b. Determine r(12).
4
Let r(x) be the third derivative of 0 - 61*x**2 - 2/3*x**3 + 0*x - 1/120*x**6 + 1/12*x**5 - 1/8*x**4. What is r(3)?
5
Let w be ((-48)/(-28))/(6/21). Let h be 16/60*5*w/(-4). Let c(k) be the first derivative of k**4/4 - k**3/3 - 2*k**2 - 3*k - 5. Determine c(h).
-7
Suppose 406*c = 70*c - 487 + 151. Let p(a) = 9*a**2 - 6*a - 1. Give p(c).
14
Let o(j) = 29*j - 16. Suppose 549*g = 577*g - 84. What is o(g)?
71
Let s = -32 - -35. Let p(y) = 7 - 322*y + 318*y - 4. What is p(s)?
-9
Let v(c) be the second derivative of -c**6/90 + c**5/120 + c**4/6 + 51*c**3/2 - 2*c - 14. Let l(o) be the second derivative of v(o). Give l(3).
-29
Let f(c) be the first derivative of c**4/4 - 7*c**3/3 + 9*c**2/2 - 32*c + 2857. Determine f(6).
-14
Let z(f) = 9*f + 13. Suppose 86115*i = 86095*i. Determine z(i).
13
Let z(l) = 38 - 36 - 316*l + 319*l. Suppose 4*c - 4*v = 12, -c = c + v + 3. Let o = c - 2. Determine z(o).
-4
Let w = -4955 + 4951. Let c(g) = 8*g + 14. Determine c(w).
-18
Let x(r) = r**3 - 6*r**2 - r + 4. Let m be 2 - (-1 + -3)/1. Give x(m).
-2
Let a = 22037 + -22046. Let k(w) = -w**3 - 9*w**2 + 2*w + 15. Calculate k(a).
-3
Let s(y) = y**3 - 16*y**2 + 30*y - 3. Let w be ((-6)/3)/(2/10 + 12/(-35)). What is s(w)?
25
Suppose 5*d - 5*c = -80, 0*d - 3*d - 52 = c. Let v(m) = 2*m**2 + 33*m - 19. Calculate v(d).
-2
Let f(h) be the second derivative of h**4/12 + 3*h**3/2 - h**2 - 7*h - 5. Suppose 6*m + 32 = 2*m. Determine f(m).
-10
Let r(w) be the second derivative of -w**5/20 + w**4/2 + w**3/3 - 2*w**2 - 668*w. What is r(3)?
29
Let s(x) = -x**3 - 18*x**2 - 47*x - 3. Let q be s(-3). Let j(k) = -k**3 + 3*k**2 - 2*k + 10. Calculate j(q).
4
Let l(v) = -46*v**2 + 18*v + 35. Let w(y) = 33*y**2 - 12*y - 24. Let k(q) = 5*l(q) + 7*w(q). Calculate k(-8).
23
Suppose -210 = 38*v + 28 - 10. Let g(y) = y**3 + 10*y**2 + 17*y - 5. What is g(v)?
37
Let p(g) = 15*g**2 + 11*g + 19. Let r(q) = 7*q**2 + 5*q + 9. Let j(x) = -6*p(x) + 13*r(x). Let o(t) = t**2 - 3*t - 130. Let z be o(13). Give j(z).
3
Let g(v) = -21*v - 30 + 61 - 38. Let r(l) = -4*l - 1. Let s(j) = g(j) - 5*r(j). Calculate s(-8).
6
Let a(q) = 11*q + 333. Let k = 13537 - 13567. Give a(k).
3
Let v be 38 - (-1 + (3 - -1)). Suppose 3*r = -2*r + v. Let s(w) = -w**3 + 8*w**2 - 6*w - 5. Give s(r).
2
Let f = 11864 + -11867. Let s(m) be the first derivative of -m**5/120 - 7*m**4/24 + 2*m**3/3 - 2. Let w(c) be the third derivative of s(c). What is w(f)?
-4
Let d(u) = u**3 + 10*u**2 + 10*u - 19. Let p be ((-22)/4 + 1)*2. Calculate d(p).
-28
Let p(b) = 7*b**2 + 6*b + 2. Let r(o) = -15*o**2 - 13*o - 5. Let u be 5*6/5 + -19. Let i(n) = u*p(n) - 6*r(n). Calculate i(0).
4
Let k(b) = -b**3 + 2*b**2 + 15*b + 7. Let h be 60/8 - 160/64. Determine k(h).
7
Let w(m) be the second derivative of -m**4/12 - 4*m**3/3 + 23*m**2/2 - 51*m - 3. What is w(-11)?
-10
Let o(b) be the first derivative of 14*b**3/3 - b**2/2 + 2*b - 2391. Determine o(-2).
60
Let s(p) = -42*p + 1296. Let t be s(31). Let z(b) = -22*b - 131. Calculate z(t).
1
Let b(m) = m**2 - 2*m. Let n(h) = h**3 + 15*h**2 + 21*h + 9. Let w(x) = -6*b(x) + n(x). Calculate w(-6).
-81
Suppose 35*x + 151 = 3*x - 169. Let r(v) = 9*v - 2. Determine r(x).
-92
Let v = 114 + -108. Suppose v*i - 21 = 3. Suppose 2*z + 5 = d, -i*d + 0*d + 5 = -3*z. Let w(n) = -n**3 - n**2 + 5*n + 4. What is w(z)?
7
Suppose -3*m = -f - 7*m - 7, 0 = 5*f + m + 35. Let u(g) = g**2 + 12*g + 8. Calculate u(f).
-27
Let q(m) = 4*m**2 - 4*m + 6. Let s be (6/27)/